= 2*t. Suppose 3*k + 2*u = 874, k = -22*u + 17*u + t. What is the hundreds digit of k?
2
Let i(n) = -44*n + 35. Suppose 6*l = -67 + 43. What is the hundreds digit of i(l)?
2
Suppose l = -0*s + 4*s + 6, 0 = 3*l - 5*s - 53. Suppose 3*c = -3*m + 5 + 37, 0 = m - 2*c - l. What is the units digit of m?
8
Let q(s) = 5*s**3 + 16*s**2 - 148*s - 171. What is the tens digit of q(15)?
8
Let y = 21853 + -13295. What is the units digit of y?
8
Suppose -592338 - 6022732 = -242*l. What is the thousands digit of l?
7
Suppose 12 = 2*b + 6, -5*w + 5*b + 51405 = 0. What is the units digit of w?
4
Let v = 563 - 560. Suppose -2*z - v*s + 2109 = 0, -s + 0 - 1 = 0. What is the units digit of z?
6
Let h = 4527 + -4437. What is the tens digit of h?
9
What is the thousands digit of 6*(183*-1)/((-56)/1008)?
9
Let h(k) be the second derivative of k**4/3 + 29*k**3/6 + 9*k**2 + 4*k. Suppose 2*q - 4*j + 4 = 0, 10*q + 3*j - 45 = 15*q. What is the units digit of h(q)?
6
Suppose 3*y + 16445 = 8*y - 5*d, 5*y + 4*d - 16445 = 0. Let h = -2339 + y. What is the tens digit of h?
5
Let f = 12259 - 9371. What is the thousands digit of f?
2
Let u be (-24)/54*66/4*3. Let d be 1 + u/(-4) + 13/(-26). Suppose d*i - 120 = 138. What is the tens digit of i?
4
Let x = 8542 + 4021. What is the units digit of x?
3
Suppose 5*a = 4*k + 47501, -3*a = 5*k - 7577 - 20968. What is the tens digit of a?
0
Suppose -4*q - 2*q = -204. Suppose 5*z + 3*c = q, -2*z - c = -2*c - 7. What is the units digit of -2 - (1 - (z + 94))?
6
Let z(i) = -i + 4. Let y be z(0). Let o(f) = -5*f + 9. Let p be o(3). What is the units digit of 12*(y + p + (-10)/(-4))?
6
Suppose 24*z - 23*z - 42 = 0. Let c = -129 - -186. Let l = c + z. What is the tens digit of l?
9
Suppose 3*v - 3333 = 2*j - 5*j, -4*v - 2234 = -2*j. Let u = -647 + j. What is the units digit of u?
6
Suppose 5*j - 14 + 719 = -5*y, -2*y = 5*j + 714. Let q be j/14*42/(-9). What is the hundreds digit of (-460)/(-3) - 16/q?
1
Let g(m) = 88*m + 5 - 4 - 249*m - 19. Let n be g(-2). Suppose -n - 1481 = -17*k. What is the tens digit of k?
0
Suppose -3*a - 218 - 988 = 0. Let j = -85 - a. What is the hundreds digit of j?
3
What is the ten thousands digit of -2 + 40175 + 4*(-9 - -22 - 14)?
4
Let a(i) = 15*i**2 - 46*i - 203. What is the units digit of a(-6)?
3
Suppose 86935 = 5*p - 5*d, 5*p - 34*d + 36*d - 86914 = 0. What is the thousands digit of p?
7
Suppose 5*r - 4*t - 6775 = 0, 4048 = r + 2*r + t. Suppose 0*a - r = -5*a - 4*w, -267 = -a - 4*w. What is the tens digit of a?
7
Let v = 121 - 59. Suppose 34*x + 29 - 535 = 45*x. Let h = x + v. What is the tens digit of h?
1
Let u(h) = -40105*h - 2855. What is the hundreds digit of u(-1)?
2
Let u(z) = -z**3 + 11*z**2 + 49*z - 2. Let d = -5 + 19. What is the units digit of u(d)?
6
Let l = 91 - 92. Let a(m) = m - 53*m**2 + 3 - 1 + 74*m**2. What is the units digit of a(l)?
2
What is the tens digit of 2/(-2*1/7 - 2054184/(-7188566))?
7
Let z(s) = 7*s**2 + 3*s + 1225. What is the hundreds digit of z(-58)?
5
Suppose -3*d - d = h - 12841, -4*d + 20 = 0. What is the hundreds digit of h?
8
Let l = -451 - -1158. Let o = -15759 + 16234. Let g = l - o. What is the hundreds digit of g?
2
Let q = 10617 - -12319. What is the thousands digit of q?
2
Suppose 7*j = 1867 + 7310. Let q = j + -581. What is the units digit of q?
0
Let n(b) = 235*b**2 + 2*b + 12. What is the hundreds digit of n(4)?
7
Let o = -1900 + 3660. What is the thousands digit of o?
1
Suppose -4*g + 32 = r + g, -2*g - 52 = -5*r. Suppose 6*v - r*v = -1938. What is the units digit of v?
3
Suppose -5*f - 578 = -3*z, -3*z - 5*f + 427 = -z. Let d = z + 20. What is the hundreds digit of d?
2
Let w(u) = 260*u**2 + 27*u + 55. What is the hundreds digit of w(5)?
6
Suppose 36*l - 31*l - 1885 = 0. Suppose -224*k = -225*k + l. What is the units digit of k?
7
Let m(p) be the third derivative of -67/24*p**4 + 0*p + p**3 + p**2 + 0. What is the units digit of m(-1)?
3
Suppose m = 5*b + 15, 6*b + 15 = b + 3*m. Let h be ((-40)/16)/(b/6). Suppose 0 = h*s - 386 + 126. What is the tens digit of s?
5
Suppose 0 = 164*k - 2104868 - 988500. What is the hundreds digit of k?
8
Let k(y) = 5*y + 52. Let d be k(41). Suppose i - d = h, h = 2*h + 4. What is the tens digit of i?
5
Let r be -8 - -13 - (7 + -2144). Let p = -1332 + r. What is the units digit of p?
0
Let k(y) = y**2 - 2*y - 31. Let n be k(10). Let x be 3/7 + 322/n. Let r(s) = 21*s + 34. What is the units digit of r(x)?
1
Suppose 3*o - 1 = -4, r - 11108 = -5*o. What is the thousands digit of r?
1
Let s = 373 + -388. What is the hundreds digit of s/((-60)/(-8)) + 687?
6
Let n = 90 - 44. Let q = n + -42. Suppose 0 = -2*t + q, -2*m - 53 = -3*m + 3*t. What is the units digit of m?
9
Let i = 55 + -55. Suppose 2*w + 0*w = -q + 6, i = 2*w - 4. Suppose -y + q*y - 83 = 0. What is the tens digit of y?
8
Let l be ((-2)/3)/((-3)/(-9)) - -14. Suppose 0 = -2*b - l*w + 9*w + 274, -2 = w. What is the units digit of b?
0
Let d(n) = 1739*n - 1517. What is the thousands digit of d(10)?
5
Suppose 3*d = -q - 3*q + 5, 2 = -d - 5*q. Suppose -2372 = -4*h + x - 793, 1191 = d*h - 3*x. What is the units digit of h?
4
Let b = 113198 + -56735. What is the thousands digit of b?
6
Let j be -2 - (-111)/21 - (-8)/(-28). Let u be 7 + j + 8/(-2). What is the tens digit of -3*((-16)/u + 2) - -92?
9
Let k(b) = b**3 - b**2 - b - 1. Let z(x) = -x**2 - 3*x + 8*x**3 - 17 - 3*x + 0*x**2 + 9. Let l(w) = -14*k(w) + 2*z(w). What is the units digit of l(-5)?
8
Let s = 23 - 19. Suppose -d + s*d = 36. Suppose 2*v + 110 = d*v. What is the units digit of v?
1
Let w be (-5872)/36 + -1 + (-1)/(-9). Let c = w - -1019. What is the tens digit of c?
5
Suppose z = -5*v + 38, -3*z + 0*z = v - 16. What is the tens digit of (-2)/v + (10 - 5366/(-14))?
9
Let y(q) = q**3 + 25*q**2 + 2*q + 46. Let j be y(-25). Let r be (60/16)/(j/64). What is the units digit of 24/r + (-272)/(-5)?
4
Let f(x) = -435*x - 680. What is the thousands digit of f(-6)?
1
Suppose 0 = -32*r + 13*r + 418. Suppose 0 = -2*c - r*c + 5880. What is the units digit of c?
5
What is the hundreds digit of ((218493/18)/(-11))/(2/(-20))?
0
Let f(o) = 54*o + 30. Let v be f(-6). Let d = v - -357. What is the tens digit of d?
6
Suppose -6048 = -30*q + 462. What is the tens digit of q?
1
Let a(w) = -w**2 - 13*w - 70. Let h be a(-10). What is the hundreds digit of (-13676)/h - 4/(-40)?
3
Let m be (18/12)/(((-9)/(-12))/3). Suppose -y = k - 4, 3*y + m*k - 2*k - 17 = 0. What is the hundreds digit of 174 + 3/(-6)*0/y?
1
Let w(i) = 6*i**2 - 9*i - 184. Let d be w(-12). Let s = 2702 - d. What is the thousands digit of s?
1
Let i = -986 - -996. What is the units digit of (-45694)/33*(-15)/i?
7
Suppose u - 4 = 0, -48*x + 33*x = 3*u - 410322. What is the hundreds digit of x?
3
Suppose 38*f = 42*f - 8. Suppose 6 = -5*r + 1, -5*r - 485 = -f*h. What is the units digit of h?
0
Let r(x) = -20 - 4*x**3 + 3*x**3 + 13 - 25*x**2 - 31*x. What is the tens digit of r(-24)?
6
What is the thousands digit of (-30)/100*-5 - 3/((-12)/29650)?
7
Suppose -618816 = -102*f - 74*f. What is the tens digit of f?
1
Suppose -5*b + 117242 = 4*n, -60*b + 23448 = -59*b + n. What is the hundreds digit of b?
4
Suppose 178*p - 108*p - 1368150 = 0. What is the ten thousands digit of p?
1
Let t(i) = -i**2 - 13*i - 25. Suppose 0*j - 2*l = -4*j - 22, -5*j + l = 32. Let x be t(j). Suppose x*m - 2910 = 2*m. What is the tens digit of m?
9
Suppose 10*j = -j + 208146 + 38463. What is the hundreds digit of j?
4
Let s(v) = 2526*v**2 - 23*v - 51. What is the thousands digit of s(-2)?
0
Suppose -h = -x - 27, 0 = -h + 6*h - x - 119. Suppose 2*i = j - 12, h = 5*j - 3*j - 3*i. Let d = j + 45. What is the tens digit of d?
5
Let i(g) = -655*g - 315. Let r be i(-7). Suppose 0 = 100*l - 95*l - r. What is the units digit of l?
4
Let f be (-26 - -30)*3/4. Suppose c = -5*i - 3*c + 100, -77 = -f*i + c. What is the units digit of i?
4
Let x be (-14)/1 + (0 - -2). Let q be 6/x*(-1 - 7). Suppose 0 = 5*w - 25, 158 = 2*m - 0*m + q*w. What is the tens digit of m?
6
Let v(l) = 6*l - 6*l**3 + 9*l - 13*l**2 - 2*l - 26 + 8*l**3 - 7*l. What is the hundreds digit of v(11)?
1
Let i(r) = -4*r - 7. Let t = 43 - 36. Let f be i(t). Let x = -32 - f. What is the units digit of x?
3
Suppose 0 = -2*n - 10 - 2. Let k be (-56)/n - 2/(-6)